(i) = i**2 - 3*i + 6. What are the prime factors of j(3)?
2, 3
What are the prime factors of 1*((-8)/(-36) + (-1850)/(-18))?
103
Let m(g) = g - 1. Let t be m(-6). Let a = t - -17. What are the prime factors of 6/15 + 66/a?
7
Let a be 9/(-27) + 1/3. Suppose -6*i - i + 259 = a. What are the prime factors of i?
37
Let j = 20 + -5. Let k be (j/(-10))/(6/(-16)). List the prime factors of -8*(-1)/k*3.
2, 3
Let u = -18 - -66. What are the prime factors of u?
2, 3
What are the prime factors of 666/10 - (4 + (-17)/5)?
2, 3, 11
Suppose -4*u + 2 = -26. Let y = u + -5. Let c(g) = 2*g**2. What are the prime factors of c(y)?
2
Let r = -14 + 29. List the prime factors of r.
3, 5
Let z(o) = -o**2 - 8*o - 7. Let j be z(-5). Let n(p) = p**2 - 9*p + 11. List the prime factors of n(j).
3
Let n = -14 - -5. Let j = n - -13. What are the prime factors of j?
2
Let z be -5*8/(-20) + -1. Suppose -r = 2*y - 11, 3*y - 8 - z = r. What are the prime factors of r?
3
Let c be 1/2 + (-50)/20. What are the prime factors of -1*(-2)/c*-53?
53
What are the prime factors of (-3)/(-18) + (-77)/(-6)?
13
Let m = 5 + -17. Let u be 9/15 + (-4)/(-10). What are the prime factors of -2 - m - u/(-1)?
11
Let y = -70 - -117. List the prime factors of y.
47
Let s(r) = 6*r + 5. What are the prime factors of s(6)?
41
Suppose -2*s - 6 = -3*s. Let i(p) = p**3 - 7*p**2 + 7*p - 7. Let x be i(s). Let f(n) = 5*n**2 - n. What are the prime factors of f(x)?
2, 3
Suppose -3*q + r + 0*r = -60, -5*r - 48 = -3*q. Suppose -5*g + m - 2 = -17, -m + q = 4*g. What are the prime factors of g?
2
Let v = 26 - -32. What are the prime factors of v?
2, 29
Let x be ((-2)/(-6))/((-1)/15). Let u = x + 11. List the prime factors of u.
2, 3
Suppose -9*p + 1251 = -0*p. What are the prime factors of p?
139
Let h(x) = -5*x - x**3 - 2*x**2 + 3*x + 1 - 5*x**2 + x. What are the prime factors of h(-7)?
2
Suppose 69 = 6*m - 3*m. What are the prime factors of m?
23
Let y(v) = 3*v - 2. Let m be 2/4 + 20/8. Let b be y(m). Suppose 0 = -s + 1 + b. What are the prime factors of s?
2
Let y be ((-8)/6)/(2/(-399)). Suppose 2 = -2*d, -y = r - 6*r - 4*d. What are the prime factors of r?
2, 3
Let r(p) = p - 6. Let x be r(7). Let o(m) = 12*m - 1. List the prime factors of o(x).
11
Let o be (-30)/(-4) + (-4)/8. Let w(j) = -j**2 + j + 11*j - 3*j + 0*j**2. List the prime factors of w(o).
2, 7
Let h(a) be the third derivative of a**5/60 - a**4/4 - a**3/3 + 3*a**2. List the prime factors of h(8).
2, 7
Suppose 5*n + 0*n = -110. Let h = n + 36. Let w = h + -2. List the prime factors of w.
2, 3
Let r(i) = -i - 1. Let q be r(-1). Suppose q = -0*u - u + 10. What are the prime factors of u?
2, 5
Suppose -339 = -2*v + 47. List the prime factors of v.
193
Suppose 3 = f + 2*y, 0*y + y + 12 = 4*f. Let h = f + 0. What are the prime factors of h?
3
Let s be (2 + -2)/2 - -40. Suppose -z + s = 4*z. What are the prime factors of z?
2
Let t be (1 - -1)/((-2)/(-12)). Suppose 3*z - a + 2 = 0, z = 3*z + 2*a + t. List the prime factors of (-33)/(-3) - z - 2.
11
Suppose 3*j = -4*k + 15, 2*k = -2*j + 3*j - 5. Suppose k = 4*z - z - 42. What are the prime factors of z?
2, 7
Let h(l) = 13*l**2 - l + 1. Let n = -1 - -2. List the prime factors of h(n).
13
Suppose 0 = -5*w - 3*l + 40, -4*l = -0*w + w - 25. Let q be (4 + -6)/(2/w). What are the prime factors of (3 + -4)/(1/q)?
5
Let m be ((-2)/4*-6)/1. Suppose 0 = -2*o, 1 = m*f + 3*o - 8. Suppose 16 = -4*u, -f*u = 4*q - 0*u. What are the prime factors of q?
3
Let d = -10 - -35. List the prime factors of d.
5
Let o = 172 + -97. List the prime factors of o.
3, 5
Let a be 5/(-10) + 22/4. Let j(i) = -2*i**2 + 5*i + 6. Let x be j(a). Let v = -7 - x. What are the prime factors of v?
2, 3
Suppose 19*b - 66 = 18*b. List the prime factors of b.
2, 3, 11
Let i = -64 - -125. What are the prime factors of i?
61
Suppose 5*f = -5*x + 315 + 470, 0 = 4*x + 20. What are the prime factors of f?
2, 3
Suppose 4 = r - 5*r, 3*r = 2*b - 61. What are the prime factors of b?
29
Let c be 394/12 - (-2)/12. Suppose -5*r - 39 = 3*d, -c = 3*d + 3*r - 0*r. Let w(p) = p**2 + 8*p + 10. What are the prime factors of w(d)?
2, 5
Suppose -5*n + 90 = -2*n. What are the prime factors of n?
2, 3, 5
Suppose -2*s = r - 21, 3*s - 15 = -2*s + 5*r. Let z = 19 - s. List the prime factors of z.
11
Let j(p) = -p**3 - 9*p**2 - 9*p - 4. Let y be j(-8). Suppose k + z - 36 = 0, -y*z + 6*z = -k + 35. What are the prime factors of k?
37
Let w = -6 + 10. Suppose -w*f - 15 = f. What are the prime factors of 11/(0 - 3/f)?
11
Suppose -2*o + 32 = -0*q - 4*q, 2*q = -o + 8. Suppose o = -4*h - t, 2*h + 20 = -3*t - t. Let p = 5 + h. What are the prime factors of p?
3
What are the prime factors of (-1)/((-1)/3) + 6?
3
Suppose -14 - 1 = 5*h, -2*h = -5*j + 11. What are the prime factors of (-62)/((j - 0) + -3)?
31
Suppose 13 - 3 = 2*u. Suppose -3*a = -u*a + 28. List the prime factors of a.
2, 7
Let d = -11 + 20. Let x(h) = -h**3 + 8*h**2 + 9*h + 8. List the prime factors of x(d).
2
Suppose 0 = 2*i - 3*x + 31, 5*i + 3*x + x = -20. Let p(o) = -o**3 + 4*o**2 - 4*o + 1. Let f be p(3). What are the prime factors of i/(f*(-3)/(-9))?
2, 3
Let x = -26 + 46. List the prime factors of x.
2, 5
Suppose -2*g + 4*x = -412, 4*g - 561 = -3*x + 208. What are the prime factors of g?
2, 7
Suppose -2*a = -3 - 3. Suppose -a*o + 8 = -4. List the prime factors of o.
2
Suppose 3*g + 4*l - 330 + 98 = 0, 2*l = 4*g - 302. What are the prime factors of g?
2, 19
Let a(c) = c**2 - c + 45. Let d be a(0). What are the prime factors of (1 - -1) + d + 1?
2, 3
Suppose -2*h - h - 4*t + 199 = 0, -5*h = -2*t - 297. List the prime factors of h.
61
Suppose 2*k = n - 2*n + 2, k - 2*n = -4. Suppose k*q = -3*q. Suppose 2*b + q*b - 32 = 0. What are the prime factors of b?
2
Let o = 27 + -21. What are the prime factors of o?
2, 3
Let j = 69 - 37. Suppose -z = -3 - j. List the prime factors of z.
5, 7
Suppose 297 + 113 = 5*c. Suppose 0 = -5*b - c + 22. What are the prime factors of (-105)/b - 2/(-8)?
3
Let g = -104 + 71. What are the prime factors of (-1 + 2 - g) + -2?
2
Let t(x) = x**3 + 14. What are the prime factors of t(0)?
2, 7
Suppose -276 = -3*q - 3*r, q + 2*r + 350 = 5*q. List the prime factors of q.
89
Let f(y) = y**2 + 5*y + 4. Suppose 2*d + 7 + 5 = 0. Let p be f(d). Suppose -h + 1 + p = 0. List the prime factors of h.
11
Suppose z + 155 = 2*q - 174, 2*q = -3*z + 317. Suppose -c + 0*g + 46 = -5*g, 4*c + g - q = 0. List the prime factors of c.
41
Let v(f) be the second derivative of -f**3/6 + 8*f**2 + 3*f. Suppose z + 0 = -3*p + 1, 2*p + 5 = 5*z. What are the prime factors of v(p)?
2
Let v(w) = -w**3 - 8*w**2 + 18. List the prime factors of v(-9).
3, 11
Suppose -3*s + b = -14 - 87, 3*s + 4*b = 76. What are the prime factors of s?
2
Let q(b) = -b**3 - 6*b**2 - 6*b - 6. Let x be q(-5). Let i(z) = 40*z - 40*z + 7*z**2 + 4 - 3. List the prime factors of i(x).
2
Suppose -3*d + 160 = 46. List the prime factors of d.
2, 19
Let m = 25 + -19. List the prime factors of m.
2, 3
Let i be (6 + 0)*(-3)/(-6). Suppose 2*d = -2*b - 3*b + 103, 3*b - 60 = -i*d. What are the prime factors of b?
3, 7
Let d = 4 + -7. Let k(f) = 3*f**2 - 4. Let w be k(d). Suppose -m = 4*r + 8, -2*m + 26 + w = -5*r. List the prime factors of m.
2, 3
Let f(r) = -r**2 + 9*r + 14. Let d be f(10). Let i(g) be the second derivative of 5*g**3/6 - 2*g**2 + 4*g. List the prime factors of i(d).
2
Suppose 66 + 21 = 3*l. Suppose -d - 7 = -l. List the prime factors of d.
2, 11
Suppose 3*j + 5*p = 17 - 2, -5*j - 9 = -3*p. Let x be 0/(9/(3 - j)). Let q = 4 - x. List the prime factors of q.
2
Let f be 10 + (0/3)/1. Suppose 5*l = l + c + f, -4*c - 4 = -4*l. Suppose 43 = 5*i - 2*y, 2*i - 1 - 1 = -l*y. List the prime factors of i.
7
Let y(i) = 9*i**2 - 3*i - 21. List the prime factors of y(-5).
3, 73
Let d(k) = -k**3 + 10*k**2 - k + 12. Let y be d(10). Suppose -y*r - r + 24 = 0. List the prime factors of r.
2
Let b be 4*-34*3/(-24). Let h be -2 + b + (-3 - -1). Suppose h - 49 = -3*w + 2*n, 0 = 2*w + 5*n - 24. List the prime factors of w.
2, 3
Let g = 17 + -13. Suppose 2*q - g = 12. List the prime factors of q.
2
Suppose -5*m + 358 = -487. Suppose -3*y + m = y - 5*c, -2*c - 132 = -3*y. What are the prime factors of y?
2, 23
Suppose 4*m + 11 = 3. What are the prime factors of 1 - (